3. Let g be t(-23). Calculate the highest common divisor of g and q.
1
Let n be (-1704)/(-497)*21/12. Calculate the greatest common factor of n and 579.
3
Suppose 0 = 4*k + 5*d - 4874, d = 2*k - 1139 - 1291. What is the greatest common divisor of 114 and k?
38
Let g be 1137/12 + 2/8. Let s = 662 + -605. Calculate the greatest common divisor of g and s.
19
Let i be 5/30 + 11/6. Let q be (1/(-4) + i/8)/(-1). Suppose -r + 8 + 3 = q. Calculate the highest common factor of r and 99.
11
Suppose 48*x - 109 = -13. What is the highest common factor of x and 134?
2
Suppose 0 = 22*g - 17*g - 4*f - 249, -3*g + 5*f + 152 = 0. Let b be (-2)/(-1) + (-4 - -16). What is the highest common divisor of g and b?
7
Let d = 2 + 8. Suppose -y + 5*t + 15 = 0, -535 - 4 = -27*y + t. Calculate the highest common factor of d and y.
10
Let o be (-3)/6*-4*2. Suppose 0 = o*w + 10 + 30. Let v be 4/((-60)/(-603)) + 2/w. What is the highest common factor of 16 and v?
8
Let y be 2/(7/(-9) - -1). Let f be ((-64)/52)/(-8) - (-9902)/26. Suppose 3*q = 4*u - f, 15 = 5*q - 10. Calculate the greatest common divisor of y and u.
9
Let v(u) = u**3 - 4*u**2 - 12*u + 11. Let r be v(6). Suppose 0 = 4*j - r - 21. Suppose 8*z + 176 = 10*z. What is the greatest common factor of z and j?
8
Suppose -490 = -4*v + 122. Let h = 58 + -53. Suppose -8 = h*s - v. Calculate the greatest common divisor of 232 and s.
29
Let k be (18/(-8))/((-93)/84 - -1). Suppose -49 = -4*l - k. Calculate the greatest common factor of l and 91.
7
Let d(x) = 5*x**3 - 11*x**2 + 15*x - 22. Let w be d(4). What is the greatest common factor of 8827 and w?
91
Let v(h) = h**2 + 6*h - 5. Let b be v(-7). Suppose 0 = 4*g + b*g - 2346. Calculate the greatest common factor of 17 and g.
17
Suppose 15*q + 10364 = 2174. Let x = q + 708. Calculate the greatest common divisor of x and 72.
18
Let x = 387 + 819. What is the greatest common divisor of 670 and x?
134
Suppose 3*l - l = x - 41, 4*l - 106 = -2*x. Let s = -35 + x. What is the greatest common divisor of 54 and s?
6
Suppose 2*t = -6, -28*t - 591 = -3*z - 25*t. Let n = z + -170. What is the greatest common divisor of n and 216?
24
Suppose -86242 = -59*c - 3*c. Calculate the greatest common factor of 39 and c.
13
Let m be (-3 - -5 - 7)*-1. Calculate the greatest common factor of 1070 and m.
5
Let v(t) = 161*t**2 - 173*t**2 + 14*t + 6*t**3 + 5*t + 4 - 4. Let p be v(2). Calculate the highest common factor of 1178 and p.
38
Let v = -123 + 98. Let o be (-130)/v - 3/15. Let n(g) = 32*g - 6. Let j be n(o). What is the greatest common factor of 14 and j?
14
Let b = -387 - -546. Let s = -103 + b. Suppose 84 = o + 2*t, 9*t = o + 4*t - 84. What is the greatest common divisor of o and s?
28
Suppose 0 = -5*x + 39*o - 43*o + 1571, -4*x - 3*o = -1257. Let t be ((-120)/(-96))/((-2)/(-144)). Calculate the highest common factor of x and t.
45
Suppose -4*v + 1406 - 521 = -5*y, 0 = 5*v - y - 1101. Let g(z) = 2*z**3 + 94*z**2 + 83*z - 394. Let x be g(-46). What is the highest common divisor of v and x?
20
Let a be 2*(-139)/(-10) - (-14)/70. Calculate the highest common divisor of 644 and a.
28
Let d(s) = -5*s - 95. Let x be d(-19). Suppose g - 162 + 120 = x. What is the highest common factor of 70 and g?
14
Let a be (-10)/((-350)/15)*7. Suppose -v = 4*x - 191, -x - a*v = -23 - 11. Calculate the highest common factor of x and 21.
7
Suppose 1139 - 75 = -28*r. Let u(o) = -o - 29. Let h be u(r). Calculate the highest common factor of h and 33.
3
Let f(a) = -5*a - 6. Let q be f(-4). Let l be -23 - -132*22/88. Calculate the highest common factor of l and q.
2
Let i be (-127)/(-7) - (3 - 20/7). Let f = -222 - -456. Calculate the greatest common divisor of f and i.
18
Let c = 18965 - 18818. Calculate the highest common factor of c and 12.
3
Suppose 0 = 9*g - 3*g - 30. Suppose -g*k + y + 3*y = -50, -y - 10 = -k. Let t be k + -5 - (0 - -3). Calculate the greatest common factor of t and 18.
2
Let t(y) = -15*y - 7 + 14*y + 16. Let w be t(7). Suppose -5*p = -15, 0*p - 12 = -3*z - w*p. Calculate the greatest common factor of z and 18.
2
Suppose h = 4*t + 3*h + 10, 12 = 3*t - 5*h. Let i be ((-9)/5 + t)/((-1)/90). What is the greatest common divisor of i and 24?
12
Let s = 15 - 6. Suppose 5*b + 118 = -q, 0 = 4*q - 2*q - 4*b + 166. Let c = q + 165. What is the highest common divisor of c and s?
9
Let b be (1/2)/((-1)/(-94)). Let u(v) = 9*v + b - 6*v + 2*v. Let j be u(-8). What is the greatest common factor of 35 and j?
7
Let z be ((-24)/(-15))/((-2)/20). Let g be (-22 - -2)/(-18 - z). Suppose 12 = 3*s - 33. Calculate the greatest common factor of s and g.
5
Let b(m) = -2*m**3 - 7*m**2 - 225*m - 645. Let a be b(-3). What is the highest common divisor of a and 21840?
21
Suppose 585 = 5*f - 4*d, -d = 5*f - 0*d - 610. Let m be ((30/(-4))/5)/(13/(-286)). What is the highest common factor of m and f?
11
Let s(q) = -q**3 - 16*q**2 - 64*q - 13. Let a be s(-10). Calculate the highest common divisor of 7803 and a.
27
Let c(l) = -l**2 - 7*l + 5. Let r be c(-7). Let f = 44526 - 44517. Calculate the highest common factor of r and f.
1
Let z be ((-256)/896)/(4/(-182)). What is the greatest common factor of z and 4511?
13
Let r = 2 + 6. Let y(x) = 3*x**2 - 69*x - 218. Let b be y(26). What is the greatest common factor of r and b?
8
Let c(n) = 7*n**2 - 11*n + 23. Let p be c(4). Let v = -62 + p. Calculate the highest common divisor of v and 116.
29
Suppose 4*c + 0*c - 8 = 0, -i + 38 = c. Let r(u) = u**3 + 13*u**2 + 4*u - 36. Let v be r(-6). What is the highest common divisor of i and v?
12
Let o(l) = -951*l + 6701. Let j be o(7). What is the greatest common factor of 4631 and j?
11
Let b = 30405 - 25114. Calculate the highest common divisor of b and 74.
37
Let r = 17801 - 16821. What is the highest common divisor of 224 and r?
28
Suppose 5*i + 3*c - 312 = 127, 8*i + 3*c = 715. Calculate the greatest common divisor of 11270 and i.
46
Let v(r) = r**2 - 22*r + 22. Let z be v(21). Suppose -c = 3*k + z, 0*k + 3*c - 17 = k. Let b be 1072/88 + k/11. What is the highest common divisor of b and 132?
12
Suppose -964*n - 3*b = -960*n - 898, -4*n = 4*b - 904. Calculate the highest common factor of 3060 and n.
20
Suppose -28836 = 409*u - 436*u. What is the greatest common divisor of 12 and u?
12
Let q(y) = -y**3 + 10*y**2 + 7*y - 48. Let v be q(10). Let h = 172 - v. What is the highest common divisor of 100 and h?
50
Let g(j) = -j**3 + 8. Let y be g(0). Suppose 0 = 2*a - y - 6. Suppose a = 2*w + 1. What is the highest common factor of w and 15?
3
Let h be 19 - 177/9 - (-6322)/6. Calculate the highest common divisor of 729 and h.
81
Suppose -2*v - 1 = 3. Let g be 18/(-12) + (-10)/(-4). Let z be v + 2/2 + 12/g. Calculate the greatest common factor of 11 and z.
11
Let d be 64/36 + (1 - 35/45). Suppose -2*t = 2*y - 134, 0 = -0*y + d*y - 4*t - 128. Calculate the greatest common factor of 22 and y.
22
Let o be ((-1923)/(-4))/((-18)/(-48)). Suppose 218 = -8*h + o. Calculate the highest common divisor of h and 19.
19
Suppose -4*j = m + 56, -3*j - 5 = 4. Let u = -17 - m. Calculate the greatest common factor of 9 and u.
9
Suppose -2*i - 11*n = -6*n - 24945, i - 4*n - 12492 = 0. Calculate the highest common factor of 78 and i.
78
Suppose -5*h - 35*l + 38*l = -235, 0 = 4*h + l - 171. Let z = 732 + -336. What is the highest common divisor of z and h?
44
Suppose 1133*b - 1141*b = -1312. What is the greatest common factor of 123 and b?
41
Let p = 8857 + -8653. Calculate the highest common divisor of p and 15368.
68
Let a(m) = -m**3 + 20*m**2 - 48*m - 18. Let j be a(5). What is the highest common divisor of j and 261?
9
Let l = 40 + 2. Let o = 16 + -11. Suppose -24 = -2*s + 4*r, s + o*r = -s - 3. Calculate the greatest common divisor of l and s.
6
Suppose 21800 = 4*p - 3*f - 70837, 3*p + 4*f = 69509. Calculate the highest common divisor of 21 and p.
21
Let b = -2261 + 2336. Calculate the greatest common factor of b and 1020.
15
Let a(z) = 12*z**2 + 9*z - 126. Let r be a(-13). What is the highest common factor of r and 420?
105
Let y = -8 - -12. Suppose 0*t - l - 88 = -y*t, 4*t - 2*l = 84. Let p = 24555 - 24509. Calculate the highest common divisor of p and t.
23
Suppose j + 12 = -3*l, j - l - 2 = 2. Suppose -3*y = -j*y - 66. Let x = -1275 + 1286. What is the hi